436*c - 114963. Determine s(-80).
-83
Let m(x) = 228*x**2 - 97129*x + 392. Give m(426).
-34
Let b(u) = 44*u**2 + 648*u + 2031. Determine b(-10).
-49
Let r(b) = 1719*b + 19521. Calculate r(-12).
-1107
Let u(m) = -3*m**2 - 443*m + 7309. What is u(15)?
-11
Let a(f) = 14*f**2 - 3104*f + 3098. Give a(1).
8
Let b(k) = k**3 - 47*k**2 - 376*k + 73. Give b(-7).
59
Let x(j) = -8757*j + 148862. Calculate x(17).
-7
Let y(w) = 440925*w + 29541980. Give y(-67).
5
Let r(p) = p**2 + 138*p + 2659. Calculate r(-29).
-502
Let m(y) = -5*y**3 + 9*y**2 + 5*y - 38. What is m(-7)?
2083
Let n(z) = 6*z**2 - 118*z - 10. Determine n(16).
-362
Let m(l) = -2*l**3 - 1325*l**2 - 1805*l + 117664. Determine m(-661).
6
Let q(w) = -16516*w - 4062930. Determine q(-246).
6
Let d(i) = 2*i**3 + 20*i**2 - 140*i - 1378. Give d(-9).
44
Let f(w) = -14*w**2 + 27*w - 26. Calculate f(1).
-13
Let d(x) = x**3 - 23*x**2 + 70*x + 236. Determine d(19).
122
Let m(d) = 49*d**2 - 1499*d - 430. Calculate m(31).
190
Let s(p) = -p**2 + 70*p + 56868. Determine s(276).
12
Let f(t) = 2*t**2 + 11043*t - 121775. Give f(11).
-60
Let b(d) = 624*d - 6684. Calculate b(12).
804
Let z(f) = 7360*f + 581412. Calculate z(-79).
-28
Let u(s) = -5*s**3 - 40*s**2 + 259*s - 124. Calculate u(6).
-1090
Let s(g) = 4*g**2 + 187714*g - 750919. Calculate s(4).
1
Let p(u) = u**2 - 66737*u - 800985. What is p(-12)?
3
Let a(p) = -3*p**2 - 16804*p + 151510. Calculate a(9).
31
Let r(k) = -3*k**2 + 2492*k - 27058. Give r(11).
-9
Let u(m) = -361*m + 2560. What is u(8)?
-328
Let k(c) = -1731*c + 245781. Determine k(142).
-21
Let u(p) = -12*p**3 - p**2 + 215*p + 1080. Determine u(-5).
1480
Let n(l) = 4*l**3 - 160*l**2 - 335*l - 17. What is n(42)?
25
Let m(w) = -w**3 - 39*w**2 - 427*w - 6191. What is m(-28)?
-2859
Let n(a) = -1227*a + 25576. Give n(22).
-1418
Let v(a) = a**3 + 9*a**2 - 3606*a + 160. Determine v(56).
2064
Let g(f) = -45138*f + 270962. Determine g(6).
134
Let f(u) = 8784*u + 105534. Give f(-12).
126
Let t(x) = -3*x**3 + 29*x**2 + 106*x - 1145. What is t(10)?
-185
Let q(p) = 53*p**2 - 802*p + 801. What is q(1)?
52
Let v(g) = 5*g**2 - 817*g - 14812. What is v(-18)?
1514
Let a(z) = -8349*z + 23344. Calculate a(3).
-1703
Let u(o) = -21*o**2 - 1014*o - 10196. Calculate u(-34).
4
Let t(v) = 29741*v + 297394. Give t(-10).
-16
Let o(p) = 5*p**3 - 312*p**2 + 2384*p + 176. Calculate o(9).
5
Let t(a) = -102*a**3 - 1250*a**2 - 302*a + 146. Determine t(-12).
26
Let k(l) = 181*l - 59679. Calculate k(334).
775
Let t(p) = p**3 - 123*p**2 + 217*p + 3000. Give t(121).
-25
Let v(d) = -852*d**2 + 1329*d + 751. Calculate v(2).
1
Let j(g) = 26*g**3 + 549*g**2 + 48*g + 13. Give j(-21).
328
Let k(o) = -3873*o + 105013. Determine k(27).
442
Let w(q) = q**3 - 27*q**2 - 85*q + 3771. What is w(23)?
-300
Let f(p) = -p**3 + 3*p**2 + 528*p - 3047. Determine f(6).
13
Let a(o) = 11*o**3 + 5*o**2 + 984*o - 8. Calculate a(0).
-8
Let m(u) = 21*u + 152. Give m(-20).
-268
Let c(k) = -19244*k + 75858. What is c(4)?
-1118
Let x(i) = -34*i**3 - i**2 + 4*i - 16. Determine x(5).
-4271
Let l(k) = 9*k**3 - 1467*k**2 + 1470*k - 1995. What is l(162)?
-51
Let o(j) = -755*j + 11120. What is o(12)?
2060
Let n(p) = -5*p**2 + 102738*p + 102738. Calculate n(-1).
-5
Let p(t) = -2*t**2 + 69*t + 3377. Determine p(-30).
-493
Let p(j) = -349*j + 7391. Give p(22).
-287
Let i(b) = -b**2 + 388*b - 8579. What is i(28)?
1501
Let p(a) = a**2 - 287658*a + 1438256. Determine p(5).
-9
Let i(v) = -5625*v - 888743. Determine i(-158).
7
Let n(g) = -8*g**3 + 10*g**2 - 24*g + 65. Calculate n(2).
-7
Let f(t) = -23*t**2 - 4619*t + 780. Give f(-201).
-24
Let x(a) = -a**3 + 19*a**2 - 24*a - 145. What is x(4)?
-1
Let h(g) = g**3 - 51*g**2 - 1155*g - 6. Give h(68).
62
Let n(q) = -q**2 + 70474*q + 563848. Give n(-8).
-8
Let m(f) = -19*f**2 - 683*f - 1848. Calculate m(-33).
0
Let q(i) = -12547*i + 112826. Give q(9).
-97
Let b(k) = -k**2 - 12807*k + 38447. Calculate b(3).
17
Let j(q) = 827*q + 11901. Calculate j(-15).
-504
Let y(w) = -63*w + 13325. What is y(213)?
-94
Let v(i) = i**2 + 49*i - 66222. What is v(234)?
0
Let g(w) = -w**3 + 20*w**2 + 17*w - 758. Calculate g(7).
-2
Let h(y) = -2*y**3 + 10*y**2 + 19506*y - 136347. What is h(7)?
-1
Let f(y) = -42*y + 1457. What is f(-4)?
1625
Let n(k) = k**3 - k**2 + 484*k - 1480. What is n(3)?
-10
Let n(x) = -620*x**2 + 1885*x - 1. Calculate n(3).
74
Let p(a) = -16*a**2 + 2231*a - 35674. Give p(121).
21
Let x(h) = -3656*h + 266917. What is x(73)?
29
Let y(l) = -137160*l - 274049. Calculate y(-2).
271
Let t(u) = -2*u**3 - 242*u**2 + 230*u - 54. Calculate t(-122).
1654
Let f(u) = 10*u**2 + 192*u - 2397. What is f(12)?
1347
Let h(k) = -k**3 + 5*k**2 - 1312*k + 7793. Determine h(6).
-115
Let r(o) = -33*o**2 + 215*o + 2771. Calculate r(13).
-11
Let g(h) = -41*h**3 + 3241*h**2 - 155*h - 222. What is g(79)?
15
Let x(f) = 658*f + 33728. Determine x(-48).
2144
Let v(a) = -1056*a**2 + 21132*a - 239. Give v(20).
1
Let s(t) = 8378*t + 7355894. Give s(-878).
10
Let f(x) = -16*x**2 + 874*x - 6919. What is f(45)?
11
Let m(z) = z**3 - 14*z**2 + 21*z - 559. Give m(15).
-19
Let n(r) = 2*r**2 + 191*r - 2412. Calculate n(-107).
49
Let d(q) = -266*q - 11019. Determine d(-68).
7069
Let u(b) = -21*b**3 - 272*b**2 + 16*b + 183. Determine u(-13).
144
Let f(n) = n**3 + 143*n**2 - 1079*n - 4367. Give f(-150).
-17
Let p(q) = 170*q + 1186. What is p(-7)?
-4
Let m(k) = k**3 + 9*k**2 + 426*k - 1893. What is m(4)?
19
Let o(v) = 41168*v - 2717048. Give o(66).
40
Let m(z) = -z**2 - 56*z - 1779. Give m(-45).
-1284
Let a(c) = -2*c**3 + 55*c**2 + 118*c + 373. Calculate a(29).
1272
Let h(d) = -1150552*d + 4602217. Determine h(4).
9
Let k(u) = -2*u**2 - 121*u - 1510. Calculate k(-45).
-115
Let k(p) = -20*p**3 + 2*p**2 - 245*p - 1163. What is k(-5)?
2612
Let h(l) = -106*l**2 + 9130*l - 54729. Determine h(6).
-3765
Let a(g) = -50*g**2 + 431*g - 2182. What is a(5)?
-1277
Let y(t) = 2*t**2 - 176*t - 2400. Calculate y(-13).
226
Let r(i) = -3876*i - 22277. Calculate r(-6).
979
Let x(o) = 17*o**2 + 131*o - 813. Determine x(4).
-17
Let q(s) = -901*s - 14408. Calculate q(-16).
8
Let u(b) = -1647*b + 4285. What is u(3)?
-656
Let v(z) = 5*z**3 - 32*z**2 - 266*z + 1352. Determine v(9).
11
Let w(u) = 7*u**2 - 1259*u + 7311. What is w(6)?
9
Let v(q) = 35896*q + 717913. What is v(-20)?
-7
Let w(s) = -181*s + 16597. What is w(92)?
-55
Let h(x) = -x**3 + 289*x**2 + 67018*x - 2267. What is h(-152)?
-139
Let x(z) = -z**2 - 55*z + 270. Calculate x(4).
34
Let r(h) = -10428*h + 2878164. Calculate r(276).
36
Let b(z) = 3135*z**2 - 31302*z - 484. What is b(10)?
-4
Let t(l) = 21191*l - 211907. Determine t(10).
3
Let s(g) = -g**2 - 1697*g - 197116. Calculate s(-124).
-2064
Let d(p) = -4168*p + 450149. Determine d(108).
5
Let o(d) = -10010*d + 60049. Give o(6).
-11
Let y(p) = 6579*p - 855058. Calculate y(130).
212
Let f(r) = 547*r + 27956. Determine f(-52).
-488
Let d(a) = 841*a - 1540. Determine d(0).
-1540
Let s(k) = -10879*k - 14806316. What is s(-1361)?
3
Let x(q) = -40929*q + 2373841. Give x(58).
-41
Let g(w) = -852*w - 16435. Calculate g(-19).
-247
Let m(u) = -8*u**3 + 907*u**2 - 326*u - 1459. Calculate m(113).
10
Let z(i) = -5*i**2 - 89*i + 277. Determine z(-20).
57
Let w(u) = 15530*u + 108703. What is w(-7)?
-7
Let g(x) = -24*x**2 - 318*x - 5. What is g(-12)?
355
Let i(d) = d**3 - 242*d**2 - 1989*d - 2837. What is i(250)?
-87
Let y(z) = 19382*z - 1065995. Give y(55).
15
Let b(t) = -t**3 - 29*t**2 - 97*t - 155. Calculate b(-23).
-1098
Let s(n) = -n**3 - 3*n**2 - 313*n + 1212. Determine s(4).
-152
Let c(p) = -p**2 + 392127*p + 16863302. Give c(-43).
-8
Let w(h) = 2*h**3 - 135*h**2 + 2032*h + 8380. Give w(37).
55
Let w(m) = 30*m**3 - 151*m**2 + 49*m - 261. Give w(5).
-41
Let s(n) = 3*n**2 - 89*n + 968. Determine s(36).
1652
Let z(u) = u**3 - 52*u**2 + 671*u - 69. What is z(21)?
351
Let k(a) = 388707*a - 777449. What is k(2)?
-35
Let y(j) = -2*j**2 + 69*j - 97. Calculate y(29).
222
Let s(o) = o**3 + 65*o**2 - 983*o + 9793. Give s(-79).
76
Let z(f) = -14*f**2 + 10277*f - 21280. What is z(732)?
-52
Let q(i) = 74123*i + 444400. Calculate q(-6).
-338
Let v(u) = -10*u**2 - 1283*u + 16602. What is v(13)?
-1767
Let j(k) = -k**3 + 113*k**2 + 1111*k + 399. Give j(122).
1985
Let c(j) = j**2 - 227*j - 9959. Determine c(-44